-g**3 + 6*g**2 + 3*g - 9. Give b(q).
9
Let x be (-22)/((-3)/(-3))*-1. Suppose -4*i = -j + x, 4*i - 2*j = -i - 29. Let z(y) = -y**2 - 4*y - 4. Calculate z(i).
-9
Let p be (-4 - -3)*(-4)/2. Suppose 0 = p*j + j + 4*s, 2*j = 2*s - 14. Let z(f) = f**3 + 4*f**2 - 3*f - 3. Calculate z(j).
9
Let a = 13 + -8. Let p(y) = -2*y**2 + 23*y - 19. Let k(s) = -s**2 + 11*s - 9. Suppose 4*n + 2 = -22. Let x(h) = n*p(h) + 13*k(h). Calculate x(a).
-3
Suppose 4 = -2*j + 4*j. Suppose -j*g + g + 4 = 0. Let o(d) = 2*d - 2. Let w(r) = -4*r + 5. Let a(f) = 5*o(f) + 3*w(f). What is a(g)?
-3
Let g(n) = -n**3 + 4*n**2 + n. Let i be g(4). Let r(v) = -1. Let p(w) = w + 3. Let a(d) = -p(d) - 6*r(d). Calculate a(i).
-1
Let i(t) = 4*t**3 + 3*t**2 + 10*t - 10. Let f(k) = 3*k**3 + 3*k**2 + 9*k - 9. Let h(s) = 5*f(s) - 4*i(s). Determine h(4).
-1
Let l(h) = -h**2 + 6*h - 3. Let d(k) = 5*k**2 + k + 2. Let n be d(-1). What is l(n)?
-3
Suppose -4*z + 115 = -49. Let x = z + -24. Suppose 0 = -5*l - x + 7, -2*q + 2*l + 12 = 0. Let s(y) = y**2 - 6*y + 1. Calculate s(q).
-7
Let d(i) = 5 - 5*i**2 + 8*i**2 + i**3 + 0*i**2. Suppose -w = -6 - 6. Suppose 3*r = -0*r - w. Determine d(r).
-11
Let r be (35/(-14))/((-10)/24). Let a(c) be the third derivative of 1/3*c**3 + 0 + 0*c - 1/120*c**r + 1/10*c**5 - 5/24*c**4 + c**2. Determine a(5).
2
Let n(p) = 2*p + 4. Let r(b) = 1. Let g(t) = -n(t) + 6*r(t). What is g(6)?
-10
Let m(h) = -h. Let b be m(-4). Let n(f) = -43*f**3 - 4 - 3*f**2 + 0 - f + 44*f**3. Give n(b).
8
Let z(v) = v + 1. Let l be z(-5). Let h(g) = -g + 3 + 2*g - 2. Give h(l).
-3
Let o be 1*(3 - (-3 + 3)). Let p(g) = -g**2 + 6*g - 4. Determine p(o).
5
Let u(z) be the second derivative of -z**3/2 + 5*z**2/2 - 18*z. What is u(4)?
-7
Let d(u) be the second derivative of -u**3/6 + u**2/2 - 5*u. Give d(2).
-1
Let a(x) be the second derivative of -1/12*x**4 + 0*x**3 + 5*x + 0 + x**2 + 1/20*x**5. Calculate a(0).
2
Let g be (-1)/5 + (-88)/(-40). Let d(b) be the third derivative of 2*b**g + 0 + 0*b + 0*b**3 + 1/6*b**5 + 1/24*b**4. Give d(-1).
9
Suppose -5*i = -7*i + 8. Let d be 21/9 + 2/(-6). Let o(z) = 3*z**d - z**3 - 3 + 5 + 2 + 4*z. Determine o(i).
4
Suppose -5*o + 0 = -10, 0 = t - 2*o + 1. Let p(w) be the first derivative of -3*w - 1/3*w**t - 1 - 5/2*w**2. What is p(-5)?
-3
Let z(r) = -3*r**2 - 3*r. Suppose 5*u - 37 = 8. Let k = 7 - u. Determine z(k).
-6
Let v(w) be the second derivative of w**5/20 + w**4/12 - 2*w**3/3 + w**2/2 - 11*w + 1. What is v(-3)?
-5
Let m(s) = 4*s**3 + s**2 - 3*s**3 - 2*s + 0*s**2. Suppose 85*n + 6 = 82*n. Calculate m(n).
0
Let w = 58 - 98. Let c be 30/w - 13/4. Let a(h) = 5*h - 2. Let u(o) = 3*o - 1. Let d(y) = 4*a(y) - 7*u(y). Determine d(c).
3
Let a = 1 - 0. Let u(h) be the third derivative of -3*h**4/8 + h**3/6 - 31*h**2. Calculate u(a).
-8
Let j(z) = z**3 - 7*z**2 - 10*z + 12. Suppose 0 = -5*b + 46 - 6. Let r be j(b). Let l(t) = t**3 + 3*t**2 - 3*t - 2. What is l(r)?
-6
Let h(l) = l**3 + 8*l**2 - 11*l - 19. Let t be h(-9). Let y(p) be the third derivative of -p**5/30 + p**4/24 - 2*p**2. What is y(t)?
-3
Let l be (-48)/(-30) - ((-39)/(-15) - 3). Let h(n) = -n**3 - n**2 - n + 2. What is h(l)?
-12
Let y(k) = k**3 - 5*k**2 + 4*k. Let s(a) = a**3 + 3*a**2 - 3. Let f be s(-3). Let w = -1 - f. Suppose w*h = -2*h - 5*t + 36, 3*h = -4*t + 28. Give y(h).
0
Let m(u) be the first derivative of 1 - 5/2*u**2 - 2*u. Calculate m(-2).
8
Let s(b) = b**2 - 6*b - 3. Let i(j) = -4*j**3 + 3*j**2 + j. Let t be i(-1). What is s(t)?
-3
Let h(u) = -u**2 + 8*u + 2. Let r be h(8). Let w(f) = -6*f - f**3 + 5*f - f**r + 3*f**3. Give w(-1).
-2
Let l be (-2 - -3)/(3/(-9)). Let q(w) = -2*w**3 - 5*w**2 - 2*w - 4. Let k(z) = -4*z**3 - 11*z**2 - 4*z - 9. Let o(d) = l*k(d) + 7*q(d). Give o(-1).
1
Let a(m) = -73 - m + 75 + 0*m. Give a(7).
-5
Let n(l) = l. Let v(s) = -2*s - 1. Let i(z) = -3*z - 2. Let t(y) = 3*i(y) - 5*v(y). Let d(r) = n(r) + 3*t(r). Suppose 2 = -o + 5. Determine d(o).
9
Suppose -2*f + 6 = -4*x, 15 = -2*x - 3*x + 4*f. Let n(i) = i**3 + i**2 - i - 1. Let t(j) = 2*j + j**2 - j + 1 + j. Let r(a) = x*n(a) + t(a). Calculate r(-2).
-2
Let y(r) = 9*r**3 - 29*r**2 - 33*r + 3. Let f(m) = -4*m**3 + 14*m**2 + 16*m - 2. Let k(q) = 7*f(q) + 3*y(q). Calculate k(12).
7
Let q(h) = -3*h + 1. Suppose -6*w - 9 + 3 = 0. Calculate q(w).
4
Suppose i = 6 - 4. Let a(v) = 4*v. Let p be a(1). Let w(b) = 5*b - p + b**3 - 4 + b + 6*b**i + 2. Give w(-5).
-11
Suppose -4*r - 6 = -7*r. Let a(j) = -j**3 + j**2 - 2*j + 3. What is a(r)?
-5
Let t(w) = 2*w**2 - 2*w - 1. Let l be t(2). Let s(m) = 3 + 2 + 0 - 4 + l*m. Calculate s(-3).
-8
Let j(u) be the first derivative of u**3/3 + 2*u**2 + 4*u - 1. Let h be j(-3). Let k = h + 2. Let x(z) = 2*z**2 - 5*z + 2. Determine x(k).
5
Let b(w) = -1. Let h(i) = -2*i - 7. Let u(y) = 4*b(y) - h(y). Let m(t) = 10*t + 37. Let n be m(-4). Calculate u(n).
-3
Let c(d) = 2*d - 10. Suppose -4*y = -10 - 30. Let a be -3 - (0 - 1)*y. Calculate c(a).
4
Let s(d) = d**3 - 3. Let v be s(0). Let r(a) = 2*a**2 + 4*a - 1. Let n be r(v). Let y(t) = 4*t - 2*t**3 - 5*t**3 - n*t. What is y(1)?
-8
Suppose 0 = f + x - 8, 4*x = 3*f + 8 + 3. Let q(m) = m. Give q(f).
3
Let n = 11 - 10. Let q(c) = c**3 + 2*c**2 - c. Determine q(n).
2
Suppose -r = -2*r + 4. Let f(t) = -t. Let x be f(r). Let k(c) = -c**2 - 5*c - 3. Determine k(x).
1
Suppose -4*f = -0*f - 8. Suppose 3*z = f*b - 5, -3*b + 0*z = z + 9. Let m(c) = -3*c + 1. Give m(b).
7
Let m(s) = -s - 4. Let a(q) = -q**2 + q. Let p be a(0). Let r be (-5 - 1)*(-2)/4. Suppose -c = -r*z - 15, p*z - c = 3*z + 15. Determine m(z).
1
Let t be (-2)/8 - (-45)/60. Let l(y) be the first derivative of -6*y + 2 + t*y**2. Calculate l(5).
-1
Let k(h) = -h + 5. Let o be k(0). Suppose o*i - 9 = 2*i. Suppose -z - 3*n = 13, z + 21 = 4*z - i*n. Let j(q) = -3*q. Determine j(z).
-6
Let k(g) = 4*g - 2. Let m = 29 + -32. Calculate k(m).
-14
Let k(g) = g**2 - 2*g + 2. Suppose 122 - 12 = 5*z. Suppose 0*s + 2 = -3*t + 2*s, 3*s = -5*t + z. Give k(t).
2
Let a(n) = 2*n + 2. Let v be (-2258)/8 + (-4)/(-16). Let c be (-4)/(-30) + v/90. Give a(c).
-4
Suppose -5*c + 3*g = -31, -5*g = c + c. Suppose 0 = a - 2*a - c. Let k(s) = -1 + 8*s - 9*s - 2. Determine k(a).
2
Let r(x) = 4 - 5*x - 1 + 3*x + x**2. Suppose 0 = 4*q + 2*n - 18, q = -0*q + 4*n - 9. Give r(q).
6
Let s be 1 - 0/(-4 - -5). Let u(d) = -17*d - 1. Give u(s).
-18
Let m(l) = -l**3 + 3*l**2 - 3*l + 2. Suppose u = 4*u - 3, 3*w = -2*u - 232. Let j be w/(-4)*(-2)/(-3). Suppose -1 = 4*v - j. Calculate m(v).
-7
Let a(v) = -1 - 5 + 2*v - 1 + 4. Let l(r) = r + 1. Let h be l(4). Determine a(h).
7
Suppose -s + p + 3*p = 13, 0 = -4*s - 5*p - 10. Let v = -2 - s. Let b(w) = -w**2 + 3*w + 4. Determine b(v).
4
Let f be 6/9*3 + 2. Let d be -1*(3 - 5) + f. Let y(p) = -p**2 + 6*p - 6. Determine y(d).
-6
Let y(c) be the first derivative of -c**6/24 + c**4/24 - c**2 - 1. Let d(z) be the second derivative of y(z). Let t be (6 - 4)*1/(-2). Calculate d(t).
4
Let t(b) = -b**3 - 1. Suppose 0 = -3*l + 2*a + 3, 0 = l - 2*l - 2*a + 1. Let m be (1 - l)*4/(-8). Give t(m).
-1
Let i(a) = -363 + 5*a + 184 + 178. Determine i(-1).
-6
Let g(o) = -7*o**2 - 4*o**2 + 6*o + 10*o**2 - 7. What is g(6)?
-7
Let t(r) be the second derivative of -r**6/360 + r**5/24 - r**4/8 - 2*r**3/3 + r. Let y(q) be the second derivative of t(q). Give y(4).
1
Suppose -1 - 1 = -2*x. Let q(l) = 7*l**3 + 2*l**2 + l - 1. Let g(w) = -w**3 - w**2 - w. Let p(n) = x*q(n) + 6*g(n). Calculate p(5).
-1
Let q(o) = o**2 + 3*o - 6. Suppose -2*u + 5 = c, 4*u - 15 = u. What is q(c)?
4
Let c(p) = -2*p. Let r be c(-1). Let i(w) be the first derivative of -1/2*w**2 - r + 0*w. Calculate i(-2).
2
Let a = 8 + -6. Let z(q) be the third derivative of 3*q**2 - 1/6*q**3 + 0 - 1/120*q**6 + 0*q + 1/15*q**5 - 1/12*q**4. Give z(a).
3
Let l be (8/(-6))/(4/(-6)). Suppose l*i - 4 = 4. Suppose i*b - 2*g + 12 = -0, 5*g + 5 = 3*b. Let r(s) = s**3 + 5*s**2 + 2*s + 3. What is r(b)?
-7
Let j(f) be the third derivative of f**6/120 + f**5/15 - f**4/6 - 4*f**2. Suppose -4 = -4*c, -3*c - 7 = -0*s + 2*s. What is j(s)?
-5
Let f(u) be the first derivative of u**2/2 + 2*u + 14. Determine f(-7).
-5
Suppose -2*y = 2*t - 10, -t + y = -0*y - 1. Suppose -u - 2 = 2*m - 15, t*u - 23 = -2*m. Let h(d) = -1 + 2 - 4 + 4 + d. What is h(u)?
6
Let o(d) = 2 + 3